ctor of 36819300?
True
Is 294452393 a multiple of 17?
True
Does 64 divide 27758356?
False
Does 522 divide 260936955?
False
Is 2360 a factor of 2009594280?
True
Is 592960328 a multiple of 3?
False
Is 686689488 a multiple of 101?
False
Does 1166 divide 3706977516?
True
Is 193 a factor of 152624444?
False
Is 142 a factor of 431320740?
True
Is 7 a factor of 805392700?
True
Is 588989392 a multiple of 8?
True
Is 94 a factor of 63533754?
True
Does 1004 divide 1075363316?
True
Is 17 a factor of 4619068?
False
Is 17 a factor of 21823767?
True
Does 233 divide 26081177?
False
Is 23357588 a multiple of 61?
False
Is 10 a factor of 125498540?
True
Is 342486262 a multiple of 3065?
False
Is 171344952 a multiple of 10?
False
Is 761 a factor of 46488388?
False
Is 6433570 even?
True
Is 140 a factor of 40637338?
False
Is 2538072331 a multiple of 1818?
False
Is 25184197 a multiple of 30?
False
Does 23 divide 88600811?
False
Is 2308 a factor of 3668698451?
False
Is 729114379 a multiple of 12?
False
Does 3537 divide 1614251430?
True
Does 2386 divide 49349638?
True
Is 9 a factor of 185298759?
True
Does 1159 divide 227501269?
True
Does 175 divide 136430700?
True
Is 336744954 a multiple of 5031?
True
Does 72 divide 69687432?
True
Does 17 divide 949227283?
True
Is 1125089950 a multiple of 10129?
False
Is 13 a factor of 81593902?
True
Is 110178857 a multiple of 261?
False
Is 592 a factor of 25941440?
True
Is 529 a factor of 52126388?
False
Is 134 a factor of 177202828?
False
Does 1138 divide 142743892?
True
Is 51581172 a multiple of 7?
False
Does 519 divide 395140912?
False
Is 69 a factor of 279013155?
False
Does 1028 divide 19060202?
False
Does 13 divide 15269891?
True
Is 394 a factor of 600463984?
False
Is 79 a factor of 44969960?
True
Is 62341509 a multiple of 923?
False
Is 34 a factor of 1275238?
True
Does 75 divide 2126301019?
False
Does 7 divide 7014?
True
Is 2548797472 a multiple of 1578?
False
Does 161 divide 99451114?
False
Is 42981686 a multiple of 151?
False
Is 6 a factor of 19444619?
False
Is 4 a factor of 127960440?
True
Does 379 divide 19769398?
True
Is 233834118 a multiple of 94?
True
Is 175 a factor of 5876285?
False
Is 61 a factor of 38804967?
True
Is 30314961 a multiple of 3?
True
Is 1454179534 a multiple of 668?
False
Does 451 divide 151128048?
False
Is 78 a factor of 85480902?
True
Does 7 divide 20665944?
False
Is 4114 a factor of 1365716352?
True
Is 229 a factor of 263277894?
False
Is 358 a factor of 143487116?
True
Is 7 a factor of 685342986?
False
Is 460808035 a multiple of 6?
False
Is 186 a factor of 507649986?
True
Is 65 a factor of 17940325?
True
Does 14 divide 65377466?
True
Does 1321 divide 27755465?
False
Does 4 divide 12643152?
True
Is 361778340 a multiple of 1155?
True
Is 27 a factor of 4428815634?
False
Does 14 divide 2159926?
False
Is 284831070 a multiple of 129?
False
Does 6 divide 468299?
False
Is 15 a factor of 15163375?
False
Is 118500589 a multiple of 8?
False
Is 6315156 a multiple of 87?
True
Is 782244343 a multiple of 114?
False
Does 41 divide 1140054405?
True
Is 53312643 a multiple of 29?
True
Does 12040 divide 633584854?
False
Is 95569664 a multiple of 2308?
True
Is 9 a factor of 357300?
True
Does 355 divide 713414712?
False
Is 24 a factor of 16075968?
True
Does 57 divide 1422257?
False
Does 43 divide 56946685?
False
Is 10057530 a multiple of 105?
True
Is 13180823 a multiple of 424?
False
Is 322 a factor of 87627157?
False
Does 263 divide 28160199?
True
Does 64 divide 480447552?
True
Is 70987679 a multiple of 29?
True
Is 10507608 a multiple of 456?
True
Is 267 a factor of 41236963?
False
Does 24 divide 1624184568?
True
Does 671 divide 89378608?
False
Does 13 divide 1376663353?
True
Is 570480192 a multiple of 54?
True
Is 3590 a factor of 960773750?
True
Is 1084224 a multiple of 12?
True
Is 13651512 a multiple of 322?
True
Is 131063520 a multiple of 280?
True
Does 3 divide 7400369?
False
Is 73416831 a multiple of 2?
False
Does 99 divide 8412624?
True
Is 23 a factor of 24812560?
False
Is 210704139 a multiple of 1109?
False
Does 673 divide 23356970?
False
Is 281 a factor of 948215358?
False
Is 554 a factor of 42014467?
False
Does 74 divide 324916388?
True
Does 165 divide 136796055?
True
Is 34 a factor of 3251964?
True
Does 61 divide 6908128?
True
Is 209 a factor of 18752273?
False
Does 332 divide 14548240?
True
Is 139 a factor of 21403498?
True
Does 179 divide 100205990?
True
Is 2159 a factor of 484835835?
True
Is 680 a factor of 65005189?
False
Is 61762145 a multiple of 78?
False
Is 58 a factor of 1122334336?
True
Does 856 divide 416431088?
False
Is 817448677 a multiple of 4?
False
Is 777994944 a multiple of 64?
True
Does 7 divide 216778016?
True
Does 149 divide 428956217?
False
Is 12872244 a multiple of 231?
True
Does 6481 divide 1075018753?
False
Is 42654698 a multiple of 3106?
True
Does 744 divide 78278472?
True
Is 367347960 a multiple of 270?
True
Does 36 divide 58903498?
False
Does 270 divide 56304450?
True
Does 4 divide 76242036?
True
Is 34438657 a multiple of 104?
False
Is 15700479 a multiple of 3?
True
Does 244 divide 3053904?
True
Is 138955790 a multiple of 1462?
True
Does 32 divide 779316690?
False
Does 42 divide 485875033?
False
Is 1286822870 a multiple of 553?
False
Is 568 a factor of 10780433?
False
Is 14 a factor of 103844160?
True
Does 410 divide 1561578890?
True
Is 3 a factor of 8286593?
False
Does 419 divide 1077141405?
False
Does 4 divide 104883477?
False
Is 66 a factor of 112473359?
False
Does 547 divide 3114698?
False
Is 20797647 a multiple of 169?
True
Is 2983198816 a multiple of 26?
True
Is 2180788 a multiple of 1333?
True
Is 1792 a factor of 293771520?
True
Is 422764672 a multiple of 1136?
True
Is 56 a factor of 531351520?
True
Is 115 a factor of 1685160090?
True
Is 261190031 a multiple of 4?
False
Is 9046950 a multiple of 15?
True
Does 815 divide 30724685?
True
Is 46514810 a multiple of 31?
False
Is 3 a factor of 340349069?
False
Does 698 divide 35478193?
False
Does 18 divide 13793562?
True
Does 42 divide 2338476?
True
Does 100 divide 8221900?
True
Is 139236521 a multiple of 4?
False
Does 413 divide 49055636?
False
Is 90539428 a multiple of 148?
False
Is 965 a factor of 129523265?
True
Is 3 a factor of 36074585?
False
Is 10196985 a multiple of 3?
True
Is 9 a factor of 1076828845?
False
Is 26 a factor of 370809010?
True
Is 105193968 a multiple of 44?
True
Does 75 divide 97453913?
False
Is 316785000 a multiple of 375?
True
Is 151502976 a multiple of 1516?
True
Is 38534320 a multiple of 15?
False
Does 3 divide 49253?
False
Is 41 a factor of 1372317806?
True
Does 298 divide 2036685470?
True
Does 430 divide 3989890020?
True
Does 255 divide 77245099?
False
Is 257 a factor of 62163068?
False
Does 182 divide 190070608?
True
Is 1029299276 a multiple of 9?
False
Is 142771496 a multiple of 49?
True
Does 73 divide 1475713542?
True
Is 180 a factor of 225059935?
False
Is 436273614 a multiple of 8694?
True
Is 601 a factor of 10542742?
True
Is 1342793472 a multiple of 128?
True
Does 2 divide 16645176?
True
Is 114 a factor of 31943226?
False
Does 13 divide 167832864?
False
Is 30 a factor of 70499610?
True
Is 52061272 a multiple of 44?
False
Is 4 a factor of 283590196?
True
Is 1000 a factor of 124088552?
False
Does 8 divide 8004728?
True
Is 17 a factor of 176317663?
False
Does 2710 divide 113278000?
True
Is 149398140 a multiple of 38?
True
Is 112 a factor of 19151776?
True
Is 235 a factor of 1505319995?
True
Does 371 divide 42439803?
True
Is 2261 a factor of 52466505?
True
Is 628 a factor of 569632830?
False
Is 790162360 a multiple of 69?
False
Is 3685 a factor of 49928065?
True
Is 78 a factor of 23777676?
True
Does 9 divide 596243070?
True
Does 514 divide 1768940766?
True
Is 47401379 a multiple of 82?
False
Does 1302 divide 138255377?
False
Does 6190 divide 89965460?
True
Is 9214547 a multiple of 128?
False
Is 44251291 a multiple of 22?
False
Is 45275097 a multiple of 119?
True
Does 784 divide 11322648?
False
Is 546 a factor of 1649106732?
True
Is 4978 a factor of 1232936106?
True
Does 177 divide 109743009?
True
Is 758 a factor of 146066600?
True
Does 1424 divide 1283876976?
True
Is 174 a factor of 41324130?
True
Is 387 a factor of 25651468?
False
Is 3775 a factor of 1410207875?
True
Is 96 a factor of 332089843?
False
Is